{"id":101,"date":"2009-06-10T13:39:41","date_gmt":"2009-06-10T17:39:41","guid":{"rendered":"http:\/\/www.beamotos.com.ar\/?page_id=101"},"modified":"2013-02-25T16:15:27","modified_gmt":"2013-02-25T20:15:27","slug":"contacto","status":"publish","type":"page","link":"https:\/\/www.beamotos.com.ar\/?page_id=101","title":{"rendered":"CONTACTO"},"content":{"rendered":"<p>Las consultas por cualquier art\u00edculo deben hacerse al mail info@beaobjetos.com.ar.<br \/>\nLas consultas por m\u00e1s de 3 art\u00edculos s\u00f3lo se realizan al tel\u00e9fono (0341) 155-019070<\/p>\n","protected":false},"excerpt":{"rendered":"<p>Las consultas por cualquier art\u00edculo deben hacerse al mail info@beaobjetos.com.ar. Las consultas por m\u00e1s de 3 art\u00edculos s\u00f3lo se realizan al tel\u00e9fono (0341) 155-019070<\/p>\n","protected":false},"author":1,"featured_media":0,"parent":0,"menu_order":0,"comment_status":"open","ping_status":"open","template":"","meta":[],"_links":{"self":[{"href":"https:\/\/www.beamotos.com.ar\/index.php?rest_route=\/wp\/v2\/pages\/101"}],"collection":[{"href":"https:\/\/www.beamotos.com.ar\/index.php?rest_route=\/wp\/v2\/pages"}],"about":[{"href":"https:\/\/www.beamotos.com.ar\/index.php?rest_route=\/wp\/v2\/types\/page"}],"author":[{"embeddable":true,"href":"https:\/\/www.beamotos.com.ar\/index.php?rest_route=\/wp\/v2\/users\/1"}],"replies":[{"embeddable":true,"href":"https:\/\/www.beamotos.com.ar\/index.php?rest_route=%2Fwp%2Fv2%2Fcomments&post=101"}],"version-history":[{"count":4,"href":"https:\/\/www.beamotos.com.ar\/index.php?rest_route=\/wp\/v2\/pages\/101\/revisions"}],"predecessor-version":[{"id":2215,"href":"https:\/\/www.beamotos.com.ar\/index.php?rest_route=\/wp\/v2\/pages\/101\/revisions\/2215"}],"wp:attachment":[{"href":"https:\/\/www.beamotos.com.ar\/index.php?rest_route=%2Fwp%2Fv2%2Fmedia&parent=101"}],"curies":[{"name":"wp","href":"https:\/\/api.w.org\/{rel}","templated":true}]}}