{"id":103,"date":"2009-06-10T13:39:58","date_gmt":"2009-06-10T17:39:58","guid":{"rendered":"http:\/\/www.beamotos.com.ar\/?page_id=103"},"modified":"2013-03-15T11:06:24","modified_gmt":"2013-03-15T15:06:24","slug":"fotos-local","status":"publish","type":"page","link":"https:\/\/www.beamotos.com.ar\/?page_id=103","title":{"rendered":"FOTOS LOCAL"},"content":{"rendered":"<p><img decoding=\"async\" loading=\"lazy\" class=\"alignnone size-medium wp-image-2378\" alt=\"local 005\" src=\"http:\/\/www.beamotos.com.ar\/wp-content\/uploads\/local-005-214x300.jpg\" width=\"214\" height=\"300\" srcset=\"https:\/\/www.beamotos.com.ar\/wp-content\/uploads\/local-005-214x300.jpg 214w, https:\/\/www.beamotos.com.ar\/wp-content\/uploads\/local-005-732x1024.jpg 732w, https:\/\/www.beamotos.com.ar\/wp-content\/uploads\/local-005.jpg 1369w\" sizes=\"(max-width: 214px) 100vw, 214px\" \/> <img decoding=\"async\" loading=\"lazy\" class=\"alignnone size-medium wp-image-2379\" alt=\"local 006\" src=\"http:\/\/www.beamotos.com.ar\/wp-content\/uploads\/local-006-300x154.jpg\" width=\"300\" height=\"154\" srcset=\"https:\/\/www.beamotos.com.ar\/wp-content\/uploads\/local-006-300x154.jpg 300w, https:\/\/www.beamotos.com.ar\/wp-content\/uploads\/local-006-1024x526.jpg 1024w, https:\/\/www.beamotos.com.ar\/wp-content\/uploads\/local-006.jpg 1841w\" sizes=\"(max-width: 300px) 100vw, 300px\" \/><img decoding=\"async\" loading=\"lazy\" class=\"alignnone size-medium wp-image-2376\" alt=\"local 004\" src=\"http:\/\/www.beamotos.com.ar\/wp-content\/uploads\/local-004-300x218.jpg\" width=\"300\" height=\"218\" srcset=\"https:\/\/www.beamotos.com.ar\/wp-content\/uploads\/local-004-300x218.jpg 300w, https:\/\/www.beamotos.com.ar\/wp-content\/uploads\/local-004-1024x746.jpg 1024w, https:\/\/www.beamotos.com.ar\/wp-content\/uploads\/local-004.jpg 1917w\" sizes=\"(max-width: 300px) 100vw, 300px\" \/><\/p>\n<p>&nbsp;<\/p>\n<p>&nbsp;<\/p>\n<p>&nbsp;<\/p>\n<p>&nbsp;<\/p>\n<p><img decoding=\"async\" loading=\"lazy\" class=\"alignnone size-medium wp-image-2374\" alt=\"local 002\" src=\"http:\/\/www.beamotos.com.ar\/wp-content\/uploads\/local-002-300x169.jpg\" width=\"300\" height=\"169\" srcset=\"https:\/\/www.beamotos.com.ar\/wp-content\/uploads\/local-002-300x169.jpg 300w, https:\/\/www.beamotos.com.ar\/wp-content\/uploads\/local-002-1024x578.jpg 1024w, https:\/\/www.beamotos.com.ar\/wp-content\/uploads\/local-002.jpg 1842w\" sizes=\"(max-width: 300px) 100vw, 300px\" \/><\/p>\n<p>&nbsp;<\/p>\n<p>&nbsp;<\/p>\n<p>&nbsp;<\/p>\n<p>&nbsp;<\/p>\n<p>&nbsp;<\/p>\n<p>&nbsp;<\/p>\n<p>&nbsp;<\/p>\n<p>&nbsp;<\/p>\n<p>&nbsp;<\/p>\n<p>&nbsp;<\/p>\n<p>&nbsp;<\/p>\n<p>&nbsp;<\/p>\n<p>&nbsp;<\/p>\n<p><img decoding=\"async\" loading=\"lazy\" class=\"alignnone size-medium wp-image-2372\" alt=\"local 001\" src=\"http:\/\/www.beamotos.com.ar\/wp-content\/uploads\/local-001-300x228.jpg\" width=\"300\" height=\"228\" srcset=\"https:\/\/www.beamotos.com.ar\/wp-content\/uploads\/local-001-300x228.jpg 300w, https:\/\/www.beamotos.com.ar\/wp-content\/uploads\/local-001-1024x779.jpg 1024w, https:\/\/www.beamotos.com.ar\/wp-content\/uploads\/local-001.jpg 1655w\" sizes=\"(max-width: 300px) 100vw, 300px\" \/><\/p>\n<p>&nbsp;<\/p>\n<p>Para ver las siguientes im\u00e1genes panor\u00e1micas, debes tener instalado Java.<br \/>\nEn caso de no poder verlas, puedes descargar Java desde <a href=\"http:\/\/www.java.com\/es\/download\/\" target=\"_blank\">aqu\u00ed<\/a>.<\/p>\n<p><a href=\"http:\/\/www.beamotos.com.ar\/panoramicas\/espacio1\/espacio1.html\" target=\"_blank\"><img decoding=\"async\" loading=\"lazy\" class=\"alignnone size-full wp-image-1568\" title=\"espacio1chico\" alt=\"\" src=\"http:\/\/www.beamotos.com.ar\/wp-content\/uploads\/2009\/06\/espacio1chico.jpg\" width=\"300\" height=\"49\" \/><\/a><\/p>\n<p><a href=\"http:\/\/www.beamotos.com.ar\/panoramicas\/espacio2\/espacio2.html\" target=\"_blank\"><img decoding=\"async\" loading=\"lazy\" class=\"alignnone size-full wp-image-1569\" title=\"espacio2chico\" alt=\"\" src=\"http:\/\/www.beamotos.com.ar\/wp-content\/uploads\/2009\/06\/espacio2chico.jpg\" width=\"300\" height=\"77\" \/><\/a><\/p>\n<p><a href=\"http:\/\/www.beamotos.com.ar\/panoramicas\/espacio3\/espacio3.html\" target=\"_blank\"><img decoding=\"async\" loading=\"lazy\" class=\"alignnone size-medium wp-image-1584\" title=\"espacio3-chico\" alt=\"\" src=\"http:\/\/www.beamotos.com.ar\/wp-content\/uploads\/2009\/06\/espacio3-chico-300x37.jpg\" width=\"300\" height=\"37\" srcset=\"https:\/\/www.beamotos.com.ar\/wp-content\/uploads\/2009\/06\/espacio3-chico-300x37.jpg 300w, https:\/\/www.beamotos.com.ar\/wp-content\/uploads\/2009\/06\/espacio3-chico.jpg 600w\" sizes=\"(max-width: 300px) 100vw, 300px\" \/><\/a><\/p>\n<p><a href=\"http:\/\/www.beamotos.com.ar\/panoramicas\/espacio4\/espacio4.html\" target=\"_blank\"><img decoding=\"async\" loading=\"lazy\" class=\"alignnone size-medium wp-image-1583\" title=\"espacio4-chico\" alt=\"\" src=\"http:\/\/www.beamotos.com.ar\/wp-content\/uploads\/2009\/06\/espacio4-chico-300x87.jpg\" width=\"300\" height=\"87\" srcset=\"https:\/\/www.beamotos.com.ar\/wp-content\/uploads\/2009\/06\/espacio4-chico-300x87.jpg 300w, https:\/\/www.beamotos.com.ar\/wp-content\/uploads\/2009\/06\/espacio4-chico.jpg 600w\" sizes=\"(max-width: 300px) 100vw, 300px\" \/><br \/>\n<\/a><\/p>\n<p>Para visitar el showroom, llamar al tel\u00e9fono (0341) 155-019070<\/p>\n","protected":false},"excerpt":{"rendered":"<p>&nbsp; &nbsp; &nbsp; &nbsp; &nbsp; &nbsp; &nbsp; &nbsp; &nbsp; &nbsp; &nbsp; &nbsp; &nbsp; &nbsp; &nbsp; &nbsp; &nbsp; &nbsp; Para ver las siguientes im\u00e1genes panor\u00e1micas, debes tener instalado Java. En caso de no poder verlas, puedes descargar Java desde aqu\u00ed. Para visitar el showroom, llamar al tel\u00e9fono (0341) 155-019070<\/p>\n","protected":false},"author":1,"featured_media":0,"parent":0,"menu_order":0,"comment_status":"open","ping_status":"open","template":"","meta":[],"_links":{"self":[{"href":"https:\/\/www.beamotos.com.ar\/index.php?rest_route=\/wp\/v2\/pages\/103"}],"collection":[{"href":"https:\/\/www.beamotos.com.ar\/index.php?rest_route=\/wp\/v2\/pages"}],"about":[{"href":"https:\/\/www.beamotos.com.ar\/index.php?rest_route=\/wp\/v2\/types\/page"}],"author":[{"embeddable":true,"href":"https:\/\/www.beamotos.com.ar\/index.php?rest_route=\/wp\/v2\/users\/1"}],"replies":[{"embeddable":true,"href":"https:\/\/www.beamotos.com.ar\/index.php?rest_route=%2Fwp%2Fv2%2Fcomments&post=103"}],"version-history":[{"count":16,"href":"https:\/\/www.beamotos.com.ar\/index.php?rest_route=\/wp\/v2\/pages\/103\/revisions"}],"predecessor-version":[{"id":105,"href":"https:\/\/www.beamotos.com.ar\/index.php?rest_route=\/wp\/v2\/pages\/103\/revisions\/105"}],"wp:attachment":[{"href":"https:\/\/www.beamotos.com.ar\/index.php?rest_route=%2Fwp%2Fv2%2Fmedia&parent=103"}],"curies":[{"name":"wp","href":"https:\/\/api.w.org\/{rel}","templated":true}]}}